 210. Suppose 0*h + 2*l + k = 4*h, 5*h - 4*l = 89. What is the remainder when 33 is divided by h?
16
Let m(x) = 5 - 3*x**2 + 4*x**2 - 2 + 3*x + 0. Calculate the remainder when 61 is divided by m(-6).
19
Suppose 6*n = 56 + 118. Let v = 8 - 3. Suppose 0 = -v*s + 38 + 12. Calculate the remainder when n is divided by s.
9
Suppose 28 = 2*i + 2. Calculate the remainder when 76 is divided by i.
11
Let t = 32 + 5. Suppose -65 = 61*s - 66*s. What is the remainder when t is divided by s?
11
Suppose 0*r - 34 = 2*o + r, 4*r = 8. Let h = -3 - o. What is the remainder when h is divided by 8?
7
Let a = -10 - -17. What is the remainder when a is divided by 3?
1
Let g(q) = 7*q**3 - q**2 + 3*q - 2. Let b be g(1). Let r(o) be the first derivative of -o**2/2 + 8*o - 1. Calculate the remainder when 1 is divided by r(b).
0
Suppose -2*k = 3 - 25. What is the remainder when 32 is divided by k?
10
Let d(b) = -b**2 - 8*b + 8. Let m be d(-7). Let c = m + 6. Calculate the remainder when 40 is divided by c.
19
Suppose 0*r = 3*r - 111. Suppose 0 = -3*i + 3*w - 3, -3*w + 1 = -i - 0*i. Let m = 14 + i. Calculate the remainder when r is divided by m.
11
Suppose 4*o = -2*u + 62, 2*o - 49 = -o - 4*u. Let t(s) = 2*s**2 + 17*s + 10. Let k be t(-11). Let b = k + -36. Calculate the remainder when b is divided by o.
14
Suppose 3*y - f - 30 = 2*f, 4*f = y + 2. Calculate the remainder when 53 is divided by y.
11
Let r(u) = u**2 - 5*u + 3. Let q be r(5). Suppose 35 = q*p + 8. What is the remainder when 17 is divided by p?
8
Let q(p) = -p**2 + 12*p - 17. Let u(o) = 17*o - 1 - 2 + 3*o. What is the remainder when u(2) is divided by q(9)?
7
Calculate the remainder when 33 is divided by 4/((-10)/6*8/(-20)).
3
Let n(l) = l**3 - 9*l**2 - 8*l - 9. Suppose 121 - 34 = 2*s + 5*g, -5*s = -5*g - 130. Calculate the remainder when s is divided by n(10).
9
Suppose -29 = -7*c + 3*c + 3*z, 2*z + 45 = 5*c. Suppose 2*s + p + 4 = -p, 2*p - 26 = 3*s. What is the remainder when c is divided by 9/s*(-16)/6?
3
Let x(d) = d**3 - 4*d**2 + 4*d - 6. Let n be x(4). Let j = n + 8. Let v = 35 - j. What is the remainder when 32 is divided by v?
15
Let i = -37 - -77. Calculate the remainder when i is divided by 21.
19
What is the remainder when (176/55)/(1/5) is divided by 6?
4
Let p = -45 + 138. Calculate the remainder when p is divided by 19.
17
Let r(n) = 2*n + 2. Let m be r(-3). Let z(j) = -j**3 - 2*j**2 + 2*j + 4. Calculate the remainder when z(m) is divided by 15.
13
Let u(s) = -s**3 + 9*s**2 + 9*s - 14. Let f be u(10). Let p = f - -38. Suppose 0 = 2*k - 4 - 2, 0 = w - 4*k - 15. What is the remainder when w is divided by p?
13
Let c(d) = -5*d**3 + 2*d**2 + 2*d. Let f(v) = 4*v**3 - v**2 - v + 1. Let z(t) = -3*c(t) - 4*f(t). What is the remainder when 30 is divided by z(-3)?
8
Suppose -t = t - 94. Let g be 2*((-17)/(-2) + -3). Let u = 27 - g. What is the remainder when t is divided by u?
15
Let r(c) = 2*c**2 - 4*c + 3. Let i be r(2). Suppose 2*y = 2*l - 36, -i*l + 4*y + 44 = -l. What is the remainder when 27 is divided by l?
13
Let b(r) = -r**3 + 11*r**2 - 11*r - 8. Calculate the remainder when b(9) is divided by 21.
13
Let k = -3 + 30. Calculate the remainder when k is divided by 14.
13
Let q = -21 + 105. Let u(j) = 6*j**2 + 2*j - 1. Calculate the remainder when u(-2) is divided by (-4)/(-6) - q/(-9).
9
Suppose -28 = -3*j + j. Calculate the remainder when (82/1)/(-2 - -4) is divided by j.
13
Suppose 5*w + 2*v - 70 = -3*v, -w + 4*v + 34 = 0. Suppose 2 + 19 = 3*c. What is the remainder when w is divided by c?
4
Suppose 79 = 9*p - 65. Let w(t) = t**2 + 6. Calculate the remainder when w(-5) is divided by p.
15
Let u be 20/1 - (1 + 0). Suppose -2*a - 20 = s - 6*s, -3*s - 5*a = u. Suppose 2*w - s*l = 4, -l = 5*w + 2*l - 50. What is the remainder when 19 is divided by w?
5
Let n(t) be the first derivative of 3*t**2/2 + t - 2. Let z be n(1). Suppose 0*j - 23 = -m - 5*j, -j = z*m - 35. What is the remainder when 23 is divided by m?
7
Let a(v) = -4*v - 8*v + 1 - v - 5. What is the remainder when a(-2) is divided by 8?
6
Suppose 9*f = 7*f + 44. Calculate the remainder when 109 is divided by f.
21
Suppose -3*q = -63 + 9. Suppose 5*d + 3 = q. Suppose -5*z - v + 39 = -2*v, 2*v = d*z - 29. What is the remainder when 20 is divided by z?
6
Let p be (1 + 0 + -2)/(-1). What is the remainder when ((-14)/(-3))/(2/6) is divided by p/2*10/1?
4
Suppose 0 = -2*i - i + 3. Suppose w = -3*w + 20. Suppose 4*v - 4*f = 20, v = w*v + f. What is the remainder when i is divided by v?
0
What is the remainder when (-16)/(-3)*(-270)/(-24) is divided by 9?
6
Suppose 4*y - s - 27 = 0, -5*y = -3*s - 8 - 17. Let q = -5 + y. Suppose 2*c - 8 = 6. What is the remainder when c is divided by q?
1
Suppose -6*t + 3*w + 26 = -2*t, 5*w = -4*t + 10. Suppose t*b = b. Suppose b = d - 9 - 6. Calculate the remainder when 44 is divided by d.
14
Let c = 9 + 26. What is the remainder when c is divided by 9?
8
Suppose -2*n + 117 = n. What is the remainder when n is divided by 7?
4
Suppose 4*d + 66 = 7*d. Calculate the remainder when (8/(-6))/(1/(-48)) is divided by d.
20
Let c(h) = h**2 + 3*h - 10. Let g be c(-7). Suppose 2*f - 4*b - g - 2 = 0, 0 = -3*f - 2*b + 30. Calculate the remainder when 28 is divided by f.
8
Let p = -18 + 16. Let f(n) = -8*n - 6. What is the remainder when 28 is divided by f(p)?
8
Let w = 14 - 0. Let h = 24 - w. Suppose 2*g = 2*b + 30, 2*g - 55 + h = 5*b. What is the remainder when 29 is divided by g?
9
Let t = 6 + -3. What is the remainder when ((-118)/(-4))/(t/6) is divided by 30?
29
Suppose 0*f + 7 = 3*f + o, 0 = -4*f - 2*o + 12. Calculate the remainder when 13 is divided by 6 - (-2)/(f - 3).
3
Let t = 3 - 0. Let p be 1 + 13 - (-1 - -1). Suppose v - 3*v + p = 0. What is the remainder when v is divided by t?
1
Let o = -1 + 8. Let n(j) = 10*j - 1. Let c be n(-4). Let h = c + 60. What is the remainder when h is divided by o?
5
Let m(p) = -p**2 + 10*p + 12. Calculate the remainder when 2 is divided by m(11).
0
What is the remainder when 43 is divided by -55*(-4 + (-19)/(-5))?
10
Let w = 144 - 110. Calculate the remainder when w is divided by 9.
7
Let u(d) = 4*d + 7. Suppose 0 = -y + 5*y - 104. What is the remainder when y is divided by u(0)?
5
Let b = 7 - 5. Suppose b - 10 = -t. What is the remainder when 30 is divided by t?
6
Suppose -4*w = 20, 0 = -3*u + 3*w + 3 + 72. What is the remainder when 38 is divided by u?
18
Suppose 5*d = -2*y - 3, 3*d = -y - 2*d - 14. Calculate the remainder when 17 is divided by y.
6
Suppose 4*x = 5*g + 203 - 51, 111 = 3*x - 3*g. Suppose 2*p + x = 5*p. What is the remainder when 8/(2 - (-14)/(-8)) is divided by p?
10
Let i(l) = -l**2 + l. Let b be i(-5). Calculate the remainder when 99 is divided by (b/18)/((-2)/30).
24
Let j be (0 - -3)/(4 - 1). Calculate the remainder when 19 is divided by -1 + (4 - -3 - j).
4
Let v = 28 - 17. Let x = v + 2. Calculate the remainder when x is divided by 5.
3
Let q be (-3 - -1)/(6/(-21)). Suppose -q - 9 = -2*j. Calculate the remainder when 30 is divided by j.
6
Let o(p) = -11*p**3 - p**2 + p + 1. Let k be o(-1). What is the remainder when 144/10 + k/(-25) is divided by 84/18 + 4/(-6)?
2
Suppose 3*v = -0*v + 6. Suppose a - 2 = v*a. Calculate the remainder when 18 is divided by 10/(-2 + 0)*a.
8
Let w(f) = -6*f + 1. Let k be w(-12). Let u = 180 - k. What is the remainder when u is divided by 27?
26
Suppose f + 26 = 3*d - 4*f, -2*f = d - 5. Let j = -71 + 98. What is the remainder when j is divided by d?
6
Let g(h) = -h**2 + 8*h + 2. Let u be g(8). Suppose -8*n - 32 = -9*n. What is the remainder when n is divided by u/(-6) - (-34)/3?
10
What is the remainder when 2 + 2 + 84/3 is divided by 11?
10
Calculate the remainder when 100 is divided by (((-26)/6)/1)/((-2)/12).
22
Let n(d) = 2*d + 1. Let o be n(-3). Let g(k) = k**2 + k - 4. Calculate the remainder when 27 is divided by g(o).
11
Suppose -4*u + 4 = f, 3*f = u - 2*u + 1. Let g be -1 - f - (-2 + 0). Let x(z) = 6*z**2 + 2*z - 1. Calculate the remainder when x(g) is divided by 4.
3
Suppose 4*f - 3*f - 72 = -4*w, -3*w = -2*f - 54. What is the remainder when w is divided by 4?
2
Suppose 0 = 2*w + w - 9. What is the remainder when w is divided by 2?
1
Let c(y) = y**2 - 2*y - 3. Suppose 0 = 5*h - 82 + 12. Calculate the remainder when h is di